{"id":37,"date":"2011-10-09T16:30:33","date_gmt":"2011-10-09T20:30:33","guid":{"rendered":"https:\/\/blog.chouynard.ca\/?page_id=37"},"modified":"2012-10-30T11:02:21","modified_gmt":"2012-10-30T15:02:21","slug":"accueil","status":"publish","type":"page","link":"https:\/\/blog.chouynard.ca\/?page_id=37","title":{"rendered":"\u00c0 propos"},"content":{"rendered":"<p><strong><em>Chouynardises etc.<\/em><\/strong>, comme site Internet, est d&rsquo;abord et avant tout n\u00e9 du d\u00e9sir de relever le d\u00e9fi d&rsquo;\u00e9laborer un tel site et, par l\u00e0, d&rsquo;apprendre comment cela se r\u00e9alise et de sonder quelque peu les dessous de ces pages lumineuses du Web qui accaparent de plus en plus\u00a0 nos vies.<\/p>\n<p>Le second objectif \u00e9tait de pouvoir partager des choses appr\u00e9ci\u00e9es de la vie, des d\u00e9couvertes, surtout celles survenues au cours de voyages mais aussi celles qui nous frappent au fil des int\u00e9r\u00eats quotidiens.<\/p>\n<div id=\"attachment_161\" style=\"width: 480px\" class=\"wp-caption alignnone\"><a href=\"https:\/\/blog.chouynard.ca\/wp-content\/uploads\/2011\/10\/DouglasAccueil1.jpg\"><img loading=\"lazy\" decoding=\"async\" aria-describedby=\"caption-attachment-161\" class=\"size-medium wp-image-161\" title=\"DouglasAccueil\" src=\"https:\/\/blog.chouynard.ca\/wp-content\/uploads\/2011\/10\/DouglasAccueil1-300x225.jpg\" alt=\"\" width=\"470\" height=\"352\" srcset=\"https:\/\/blog.chouynard.ca\/wp-content\/uploads\/2011\/10\/DouglasAccueil1-300x225.jpg 300w, https:\/\/blog.chouynard.ca\/wp-content\/uploads\/2011\/10\/DouglasAccueil1.jpg 960w\" sizes=\"auto, (max-width: 470px) 100vw, 470px\" \/><\/a><p id=\"caption-attachment-161\" class=\"wp-caption-text\">Lever du soleil \u00e0 Douglastown, Gasp\u00e9sie<\/p><\/div>\n<p>Le site devrait demeurer plut\u00f4t simple, sans pr\u00e9tention de recherche d&rsquo;exploits faramineux dans quelques rayons que ce soit, mais notre d\u00e9fi maintenant qu&rsquo;il existe, sera de tenter de l&rsquo;am\u00e9liorer constamment. Ne vous g\u00eanez donc pas, visiteurs appr\u00e9ci\u00e9s des <em>Chouynardises etc<\/em>, pour faire part de vos commentaires et remarques.<\/p>\n<p>Nous voudrions remercier notre ami J.-F. Bouchard qui nous a donn\u00e9 la pouss\u00e9e requise pour plonger dans ce monde d&rsquo;arri\u00e8re sc\u00e8ne de l&rsquo;Internet. <em>Chouynardises etc.<strong> <\/strong>est <\/em>pr\u00e9par\u00e9 \u00e0 l&rsquo;aide du logiciel libre WordPress, dans sa version en langue anglaise puisque c&rsquo;est la plus \u00e0 jour. En souhaitant que les inconv\u00e9nients que cela pose ne soient pas trop d\u00e9sagr\u00e9ables pour nos amis francophones ou hispanophones.<\/p>\n<p>Lorsque nous utilisons le fran\u00e7ais, le\u00a0 masculin englobera parfois le f\u00e9minin pour cause de facilit\u00e9 de lecture et d&rsquo;\u00e9criture. Nous enjoignons tous les repr\u00e9sentants du genre exclu par ce processus \u00e0 ne pas se sentir victime de discrimination volontaire.<\/p>\n<p>Bonne visite et revenez nous voir souvent!<\/p>\n<p>Yvan Chouinard\u00a0\u00a0\u00a0\u00a0\u00a0\u00a0\u00a0\u00a0\u00a0\u00a0\u00a0\u00a0\u00a0\u00a0\u00a0\u00a0\u00a0\u00a0\u00a0\u00a0\u00a0\u00a0\u00a0\u00a0\u00a0\u00a0\u00a0\u00a0\u00a0\u00a0\u00a0\u00a0\u00a0\u00a0\u00a0\u00a0\u00a0\u00a0\u00a0\u00a0\u00a0\u00a0\u00a0\u00a0\u00a0\u00a0\u00a0\u00a0\u00a0\u00a0\u00a0\u00a0\u00a0\u00a0\u00a0\u00a0\u00a0\u00a0\u00a0\u00a0\u00a0\u00a0\u00a0\u00a0\u00a0\u00a0\u00a0\u00a0\u00a0\u00a0\u00a0\u00a0\u00a0\u00a0\u00a0\u00a0\u00a0\u00a0\u00a0\u00a0\u00a0\u00a0\u00a0\u00a0\u00a0\u00a0\u00a0\u00a0\u00a0\u00a0\u00a0\u00a0\u00a0\u00a0\u00a0\u00a0\u00a0\u00a0\u00a0\u00a0\u00a0\u00a0\u00a0\u00a0\u00a0\u00a0\u00a0\u00a0\u00a0\u00a0\u00a0\u00a0\u00a0\u00a0\u00a0 Ethnologue actif en arts visuels\u00a0\u00a0\u00a0\u00a0\u00a0\u00a0\u00a0\u00a0\u00a0\u00a0\u00a0\u00a0\u00a0\u00a0\u00a0\u00a0\u00a0\u00a0\u00a0\u00a0\u00a0\u00a0\u00a0\u00a0\u00a0\u00a0\u00a0\u00a0\u00a0\u00a0\u00a0\u00a0\u00a0\u00a0\u00a0\u00a0\u00a0\u00a0\u00a0\u00a0\u00a0\u00a0\u00a0\u00a0\u00a0\u00a0\u00a0\u00a0\u00a0\u00a0\u00a0\u00a0\u00a0\u00a0\u00a0\u00a0\u00a0\u00a0\u00a0\u00a0\u00a0\u00a0\u00a0\u00a0\u00a0\u00a0\u00a0\u00a0\u00a0\u00a0\u00a0\u00a0\u00a0\u00a0\u00a0\u00a0\u00a0\u00a0\u00a0\u00a0\u00a0\u00a0\u00a0\u00a0\u00a0\u00a0\u00a0 Propri\u00e9taire et webmestre du site <em>Chouynardises etc<\/em>.<\/p>\n<p>Rejoindre \u00e0 l&rsquo;adresse suivante : manager AT chouynard.ca<\/p>\n<p>Au sujet, <strong>des photographies<\/strong> sur <em><strong>Chouynardises etc<\/strong>.<\/em> pri\u00e8re de consulter les <a href=\"https:\/\/blog.chouynard.ca\/?page_id=181\">RESTRICTIONS<\/a><\/p>\n","protected":false},"excerpt":{"rendered":"<p>Chouynardises etc., comme site Internet, est d&rsquo;abord et avant tout n\u00e9 du d\u00e9sir de relever le d\u00e9fi d&rsquo;\u00e9laborer un tel site et, par l\u00e0, d&rsquo;apprendre comment cela se r\u00e9alise et de sonder quelque peu les dessous de ces pages lumineuses &hellip; <a href=\"https:\/\/blog.chouynard.ca\/?page_id=37\">Continuer la lecture <span class=\"meta-nav\">&rarr;<\/span><\/a><\/p>\n","protected":false},"author":5,"featured_media":0,"parent":0,"menu_order":0,"comment_status":"open","ping_status":"open","template":"","meta":{"ngg_post_thumbnail":0,"footnotes":""},"class_list":["post-37","page","type-page","status-publish","hentry"],"_links":{"self":[{"href":"https:\/\/blog.chouynard.ca\/index.php?rest_route=\/wp\/v2\/pages\/37","targetHints":{"allow":["GET"]}}],"collection":[{"href":"https:\/\/blog.chouynard.ca\/index.php?rest_route=\/wp\/v2\/pages"}],"about":[{"href":"https:\/\/blog.chouynard.ca\/index.php?rest_route=\/wp\/v2\/types\/page"}],"author":[{"embeddable":true,"href":"https:\/\/blog.chouynard.ca\/index.php?rest_route=\/wp\/v2\/users\/5"}],"replies":[{"embeddable":true,"href":"https:\/\/blog.chouynard.ca\/index.php?rest_route=%2Fwp%2Fv2%2Fcomments&post=37"}],"version-history":[{"count":45,"href":"https:\/\/blog.chouynard.ca\/index.php?rest_route=\/wp\/v2\/pages\/37\/revisions"}],"predecessor-version":[{"id":168,"href":"https:\/\/blog.chouynard.ca\/index.php?rest_route=\/wp\/v2\/pages\/37\/revisions\/168"}],"wp:attachment":[{"href":"https:\/\/blog.chouynard.ca\/index.php?rest_route=%2Fwp%2Fv2%2Fmedia&parent=37"}],"curies":[{"name":"wp","href":"https:\/\/api.w.org\/{rel}","templated":true}]}}