{"id":630,"date":"2012-06-20T18:06:15","date_gmt":"2012-06-20T22:06:15","guid":{"rendered":"https:\/\/blog.chouynard.ca\/?page_id=630"},"modified":"2012-06-23T17:12:32","modified_gmt":"2012-06-23T21:12:32","slug":"nouvelle-orleans-1-fleur-de-lys-avril-2012","status":"publish","type":"page","link":"https:\/\/blog.chouynard.ca\/?page_id=630","title":{"rendered":"Nouvelle-Orl\u00e9ans 1 &#8211; Fleur de lys &#8211; avril 2012"},"content":{"rendered":"<p>Cette premi\u00e8re partie de mon carnet de voyage portant sur la Nouvelle-Orl\u00e9ans est d\u00e9di\u00e9e \u00e0 la fleur de lys.<br \/>\nPourquoi la fleur de lys?<br \/>\nParce que, en tant qu&#8217;embl\u00e8me, cette image est tellement utilis\u00e9e dans cette ville \u00e9tats-unienne qu&rsquo;il y a de quoi piquer la curiosit\u00e9 de tout Qu\u00e9b\u00e9cois de 2012!<br \/>\nPar exemple, en voyant l&rsquo;\u00e9talage d&rsquo;artiste suivant, d&rsquo;aucun pourrait presque se croire quelque part dans la Vieille Capitale ou ailleurs au Qu\u00e9bec sur un site de festival d&rsquo;\u00e9t\u00e9. D&rsquo;ailleurs, j&rsquo;ai aussi une page sur <a href=\"https:\/\/blog.chouynard.ca\/?page_id=739\" target=\"_blank\">les fleurs de lys du Vieux-Qu\u00e9bec<\/a>.<\/p>\n<p>&nbsp;<\/p>\n<div id=\"attachment_632\" style=\"width: 650px\" class=\"wp-caption alignleft\"><a href=\"https:\/\/blog.chouynard.ca\/wp-content\/uploads\/2012\/06\/FDL_9694.jpg\"><img loading=\"lazy\" decoding=\"async\" aria-describedby=\"caption-attachment-632\" class=\" wp-image-632\" title=\"FDL_9694\" src=\"https:\/\/blog.chouynard.ca\/wp-content\/uploads\/2012\/06\/FDL_9694-1024x1024.jpg\" alt=\"\" width=\"640\" height=\"640\" srcset=\"https:\/\/blog.chouynard.ca\/wp-content\/uploads\/2012\/06\/FDL_9694-1024x1024.jpg 1024w, https:\/\/blog.chouynard.ca\/wp-content\/uploads\/2012\/06\/FDL_9694-150x150.jpg 150w, https:\/\/blog.chouynard.ca\/wp-content\/uploads\/2012\/06\/FDL_9694-300x300.jpg 300w, https:\/\/blog.chouynard.ca\/wp-content\/uploads\/2012\/06\/FDL_9694.jpg 1500w\" sizes=\"auto, (max-width: 640px) 100vw, 640px\" \/><\/a><p id=\"caption-attachment-632\" class=\"wp-caption-text\">\u00c9tal d&rsquo;un artisan inspir\u00e9 par la fleur de lys au French Market dans le Lower French Quarter de la Nouvelle-Orl\u00e9ans.<\/p><\/div>\n<p>Bien s\u00fbr, \u00e0 l&rsquo;origine de cet engouement, il y a que la Louisiane a \u00e9t\u00e9 dans le giron de la France comme le Qu\u00e9bec. Explorant le Missisipi en 1682, Cavelier de La Salle en revendique le territoire pour Louis XIV. C&rsquo;est d&rsquo;ailleurs du nom de ce roi fran\u00e7ais, que la Louisiane se nomme ainsi. Et la fleur de lys y est rest\u00e9 coll\u00e9 aussi.<\/p>\n<div id=\"attachment_642\" style=\"width: 209px\" class=\"wp-caption alignleft\"><a href=\"https:\/\/blog.chouynard.ca\/wp-content\/uploads\/2012\/06\/FDL9965.jpg\"><img loading=\"lazy\" decoding=\"async\" aria-describedby=\"caption-attachment-642\" class=\"size-medium wp-image-642\" title=\"FDL9965\" src=\"https:\/\/blog.chouynard.ca\/wp-content\/uploads\/2012\/06\/FDL9965-199x300.jpg\" alt=\"\" width=\"199\" height=\"300\" srcset=\"https:\/\/blog.chouynard.ca\/wp-content\/uploads\/2012\/06\/FDL9965-199x300.jpg 199w, https:\/\/blog.chouynard.ca\/wp-content\/uploads\/2012\/06\/FDL9965-682x1024.jpg 682w, https:\/\/blog.chouynard.ca\/wp-content\/uploads\/2012\/06\/FDL9965.jpg 1767w\" sizes=\"auto, (max-width: 199px) 100vw, 199px\" \/><\/a><p id=\"caption-attachment-642\" class=\"wp-caption-text\">Le drapeau de la Nouvelle-Orl\u00e9ans, flotte \u00e0 gauche de celui dit \u00abde la France moderne\u00bb, soit un trio de fleurs de lys sur fond bleu.<\/p><\/div>\n<p>&nbsp;<\/p>\n<p>Le drapeau de la Nouvelle-Orl\u00e9ans en est aussi un de type fleurdelis\u00e9 qui, de plus, reprend les trois couleurs de la banni\u00e8re fran\u00e7aise.<\/p>\n<p>Mais la fleur de lys n&rsquo;est pas utilis\u00e9e que sur les drapeaux.<\/p>\n<p>Une autre fiert\u00e9 des n\u00e9o-orl\u00e9anais est, bien s\u00fbr, leur \u00e9quipe de football am\u00e9ricain. Les <em>Saints,<\/em> de la <em>National Football League <\/em>(NFL), occupent en effet une place de choix dans le coeur des gens de cette r\u00e9gion des \u00c9tats-Unis o\u00f9 il n&rsquo;y a pas d&rsquo;autre \u00e9quipe de calibre professionnel, ni au baseball, ni au hockey, ni au basketball. Et ceux qui connaissent les <em>Saints<\/em> savent que la fleur de lys est particuli\u00e8rement utilis\u00e9e dans l&rsquo;\u00e9tablissement et le maintien de leur image de marque.<\/p>\n<p>D&rsquo;ailleurs, ceux qui voudraient se rendre compte par eux-m\u00eame peuvent utiliser ce lien pour visiter le site des <a title=\"Saints de la Nouvelle-Orl\u00e9ans\" href=\"http:\/\/www.neworleanssaints.com\/\" target=\"_blank\"><em>Saints<\/em><\/a>. Pour ma part, j&rsquo;ajoute les images suivantes que j&rsquo;ai glan\u00e9es sur place.<\/p>\nngg_shortcode_0_placeholder\n<p>&nbsp;<\/p>\n<p>Outre le monde du sport de la Nouvelle-Orl\u00e9ans, la fleur de lys est aussi beaucoup utilis\u00e9e dans le design de divers \u00e9quipements urbains. \u00c0 preuve :<\/p>\nngg_shortcode_1_placeholder\n<p>&nbsp;<\/p>\n<p>Le monde marchand de la Nouvelle-Orl\u00e9ans ne se prive pas non plus de l&rsquo;utilisation de la fleur de lys puisque celle-ci se retrouve tr\u00e8s souvent au coeur de l&rsquo;effort de commercialisation.<\/p>\nngg_shortcode_2_placeholder\n<p>&nbsp;<\/p>\n<p>La musique aussi se drape parfois de fleurs de lys.<\/p>\nngg_shortcode_3_placeholder\n<p>&nbsp;<\/p>\n<p>Ne faudrait-il pas, ici comme ailleurs, s\u00e9parer l&rsquo;\u00e9tat et la religion? \ud83d\ude09<\/p>\nngg_shortcode_4_placeholder\n<p>&nbsp;<\/p>\n<p>Les particuliers aussi font montre d&rsquo;un attrait pour la fleur de lys.<\/p>\nngg_shortcode_5_placeholder\n<p>&nbsp;<\/p>\n<p>Enfin, comme nous avons un peu introduit le sujet par la question du drapeau fleurdelis\u00e9e pourquoi ne pas terminer par d&rsquo;autres drapeaux int\u00e9ressants photographi\u00e9es \u00e0 la Nouvelle-Orl\u00e9ans?<\/p>\nngg_shortcode_6_placeholder\n<p>&nbsp;<\/p>\n<p>&nbsp;<\/p>\n","protected":false},"excerpt":{"rendered":"<p>Cette premi\u00e8re partie de mon carnet de voyage portant sur la Nouvelle-Orl\u00e9ans est d\u00e9di\u00e9e \u00e0 la fleur de lys. Pourquoi la fleur de lys? Parce que, en tant qu&#8217;embl\u00e8me, cette image est tellement utilis\u00e9e dans cette ville \u00e9tats-unienne qu&rsquo;il y &hellip; <a href=\"https:\/\/blog.chouynard.ca\/?page_id=630\">Continuer la lecture <span class=\"meta-nav\">&rarr;<\/span><\/a><\/p>\n","protected":false},"author":4,"featured_media":0,"parent":125,"menu_order":2,"comment_status":"open","ping_status":"open","template":"","meta":{"ngg_post_thumbnail":0,"footnotes":""},"class_list":["post-630","page","type-page","status-publish","hentry"],"_links":{"self":[{"href":"https:\/\/blog.chouynard.ca\/index.php?rest_route=\/wp\/v2\/pages\/630","targetHints":{"allow":["GET"]}}],"collection":[{"href":"https:\/\/blog.chouynard.ca\/index.php?rest_route=\/wp\/v2\/pages"}],"about":[{"href":"https:\/\/blog.chouynard.ca\/index.php?rest_route=\/wp\/v2\/types\/page"}],"author":[{"embeddable":true,"href":"https:\/\/blog.chouynard.ca\/index.php?rest_route=\/wp\/v2\/users\/4"}],"replies":[{"embeddable":true,"href":"https:\/\/blog.chouynard.ca\/index.php?rest_route=%2Fwp%2Fv2%2Fcomments&post=630"}],"version-history":[{"count":65,"href":"https:\/\/blog.chouynard.ca\/index.php?rest_route=\/wp\/v2\/pages\/630\/revisions"}],"predecessor-version":[{"id":710,"href":"https:\/\/blog.chouynard.ca\/index.php?rest_route=\/wp\/v2\/pages\/630\/revisions\/710"}],"up":[{"embeddable":true,"href":"https:\/\/blog.chouynard.ca\/index.php?rest_route=\/wp\/v2\/pages\/125"}],"wp:attachment":[{"href":"https:\/\/blog.chouynard.ca\/index.php?rest_route=%2Fwp%2Fv2%2Fmedia&parent=630"}],"curies":[{"name":"wp","href":"https:\/\/api.w.org\/{rel}","templated":true}]}}

Nouvelle-Orléans 1 &#8211; Fleur de lys &#8211; avril 2012

<p>Cette première partie de mon carnet de voyage portant sur la Nouvelle-Orléans est dédiée à la fleur de lys.<br />
Pourquoi la fleur de lys?<br />
Parce que, en tant qu&#8217;emblème, cette image est tellement utilisée dans cette ville états-unienne qu&rsquo;il y a de quoi piquer la curiosité de tout Québécois de 2012!<br />
Par exemple, en voyant l&rsquo;étalage d&rsquo;artiste suivant, d&rsquo;aucun pourrait presque se croire quelque part dans la Vieille Capitale ou ailleurs au Québec sur un site de festival d&rsquo;été. D&rsquo;ailleurs, j&rsquo;ai aussi une page sur <a href="https://blog.chouynard.ca/?page_id=739" target="_blank">les fleurs de lys du Vieux-Québec</a>.</p>
<p>&nbsp;</p>
<div id="attachment_632" style="width: 650px" class="wp-caption alignleft"><a href="https://blog.chouynard.ca/wp-content/uploads/2012/06/FDL_9694.jpg"><img loading="lazy" decoding="async" aria-describedby="caption-attachment-632" class=" wp-image-632" title="FDL_9694" src="https://blog.chouynard.ca/wp-content/uploads/2012/06/FDL_9694-1024x1024.jpg" alt="" width="640" height="640" srcset="https://blog.chouynard.ca/wp-content/uploads/2012/06/FDL_9694-1024x1024.jpg 1024w, https://blog.chouynard.ca/wp-content/uploads/2012/06/FDL_9694-150x150.jpg 150w, https://blog.chouynard.ca/wp-content/uploads/2012/06/FDL_9694-300x300.jpg 300w, https://blog.chouynard.ca/wp-content/uploads/2012/06/FDL_9694.jpg 1500w" sizes="auto, (max-width: 640px) 100vw, 640px" /></a><p id="caption-attachment-632" class="wp-caption-text">Étal d&rsquo;un artisan inspiré par la fleur de lys au French Market dans le Lower French Quarter de la Nouvelle-Orléans.</p></div>
<p>Bien sûr, à l&rsquo;origine de cet engouement, il y a que la Louisiane a été dans le giron de la France comme le Québec. Explorant le Missisipi en 1682, Cavelier de La Salle en revendique le territoire pour Louis XIV. C&rsquo;est d&rsquo;ailleurs du nom de ce roi français, que la Louisiane se nomme ainsi. Et la fleur de lys y est resté collé aussi.</p>
<div id="attachment_642" style="width: 209px" class="wp-caption alignleft"><a href="https://blog.chouynard.ca/wp-content/uploads/2012/06/FDL9965.jpg"><img loading="lazy" decoding="async" aria-describedby="caption-attachment-642" class="size-medium wp-image-642" title="FDL9965" src="https://blog.chouynard.ca/wp-content/uploads/2012/06/FDL9965-199x300.jpg" alt="" width="199" height="300" srcset="https://blog.chouynard.ca/wp-content/uploads/2012/06/FDL9965-199x300.jpg 199w, https://blog.chouynard.ca/wp-content/uploads/2012/06/FDL9965-682x1024.jpg 682w, https://blog.chouynard.ca/wp-content/uploads/2012/06/FDL9965.jpg 1767w" sizes="auto, (max-width: 199px) 100vw, 199px" /></a><p id="caption-attachment-642" class="wp-caption-text">Le drapeau de la Nouvelle-Orléans, flotte à gauche de celui dit «de la France moderne», soit un trio de fleurs de lys sur fond bleu.</p></div>
<p>&nbsp;</p>
<p>Le drapeau de la Nouvelle-Orléans en est aussi un de type fleurdelisé qui, de plus, reprend les trois couleurs de la bannière française.</p>
<p>Mais la fleur de lys n&rsquo;est pas utilisée que sur les drapeaux.</p>
<p>Une autre fierté des néo-orléanais est, bien sûr, leur équipe de football américain. Les <em>Saints,</em> de la <em>National Football League </em>(NFL), occupent en effet une place de choix dans le coeur des gens de cette région des États-Unis où il n&rsquo;y a pas d&rsquo;autre équipe de calibre professionnel, ni au baseball, ni au hockey, ni au basketball. Et ceux qui connaissent les <em>Saints</em> savent que la fleur de lys est particulièrement utilisée dans l&rsquo;établissement et le maintien de leur image de marque.</p>
<p>D&rsquo;ailleurs, ceux qui voudraient se rendre compte par eux-même peuvent utiliser ce lien pour visiter le site des <a title="Saints de la Nouvelle-Orléans" href="http://www.neworleanssaints.com/" target="_blank"><em>Saints</em></a>. Pour ma part, j&rsquo;ajoute les images suivantes que j&rsquo;ai glanées sur place.</p>
ngg_shortcode_0_placeholder
<p>&nbsp;</p>
<p>Outre le monde du sport de la Nouvelle-Orléans, la fleur de lys est aussi beaucoup utilisée dans le design de divers équipements urbains. À preuve :</p>
ngg_shortcode_1_placeholder
<p>&nbsp;</p>
<p>Le monde marchand de la Nouvelle-Orléans ne se prive pas non plus de l&rsquo;utilisation de la fleur de lys puisque celle-ci se retrouve très souvent au coeur de l&rsquo;effort de commercialisation.</p>
ngg_shortcode_2_placeholder
<p>&nbsp;</p>
<p>La musique aussi se drape parfois de fleurs de lys.</p>
ngg_shortcode_3_placeholder
<p>&nbsp;</p>
<p>Ne faudrait-il pas, ici comme ailleurs, séparer l&rsquo;état et la religion? 😉</p>
ngg_shortcode_4_placeholder
<p>&nbsp;</p>
<p>Les particuliers aussi font montre d&rsquo;un attrait pour la fleur de lys.</p>
ngg_shortcode_5_placeholder
<p>&nbsp;</p>
<p>Enfin, comme nous avons un peu introduit le sujet par la question du drapeau fleurdelisée pourquoi ne pas terminer par d&rsquo;autres drapeaux intéressants photographiées à la Nouvelle-Orléans?</p>
ngg_shortcode_6_placeholder
<p>&nbsp;</p>
<p>&nbsp;</p>

<p>Cette première partie de mon carnet de voyage portant sur la Nouvelle-Orléans est dédiée à la fleur de lys. Pourquoi la fleur de lys? Parce que, en tant qu&#8217;emblème, cette image est tellement utilisée dans cette ville états-unienne qu&rsquo;il y &hellip; <a href="https://blog.chouynard.ca/?page_id=630">Continuer la lecture <span class="meta-nav">&rarr;</span></a></p>
