{"id":739,"date":"2012-06-23T16:39:54","date_gmt":"2012-06-23T20:39:54","guid":{"rendered":"https:\/\/blog.chouynard.ca\/?page_id=739"},"modified":"2012-06-23T16:39:54","modified_gmt":"2012-06-23T20:39:54","slug":"quebec-1-fleur-de-lys-mai-2012","status":"publish","type":"page","link":"https:\/\/blog.chouynard.ca\/?page_id=739","title":{"rendered":"Qu\u00e9bec 1 &#8211; Fleur de lys &#8211; mai 2012"},"content":{"rendered":"<p>Ce premier et relativement modeste carnet de voyage sur Qu\u00e9bec, ma ville de r\u00e9sidence depuis quarante ans, portera sur les fleurs de lys de la Vieille Ville.<\/p>\n<div id=\"attachment_743\" style=\"width: 2271px\" class=\"wp-caption alignleft\"><a href=\"https:\/\/blog.chouynard.ca\/wp-content\/uploads\/2012\/06\/IMG_0327.jpg\"><img loading=\"lazy\" decoding=\"async\" aria-describedby=\"caption-attachment-743\" class=\"size-full wp-image-743\" title=\"IMG_0327\" src=\"https:\/\/blog.chouynard.ca\/wp-content\/uploads\/2012\/06\/IMG_0327.jpg\" alt=\"\" width=\"2261\" height=\"1330\" srcset=\"https:\/\/blog.chouynard.ca\/wp-content\/uploads\/2012\/06\/IMG_0327.jpg 2261w, https:\/\/blog.chouynard.ca\/wp-content\/uploads\/2012\/06\/IMG_0327-300x176.jpg 300w, https:\/\/blog.chouynard.ca\/wp-content\/uploads\/2012\/06\/IMG_0327-1024x602.jpg 1024w\" sizes=\"auto, (max-width: 2261px) 100vw, 2261px\" \/><\/a><p id=\"caption-attachment-743\" class=\"wp-caption-text\">Le drapeau flotte en plusieurs endroits du Vieux-Qu\u00e9bec<\/p><\/div>\n<p>Qu\u00e9bec est un endroit que j&rsquo;appr\u00e9cie particuli\u00e8rement pour toutes sortes de bonnes raisons dont celle de laisser red\u00e9couvrir ses charmes encore et encore. Cette fois, il aura fallu que je s\u00e9journe \u00e0 la Nouvelle-Orl\u00e9ans pour en venir \u00e0 m&rsquo;interroger sur la quantit\u00e9 de fleurs de lys qui se retrouve dans la d\u00e9coration ext\u00e9rieure du Vieux Qu\u00e9bec. Le site Wikip\u00e9dia annon\u00e7ait en effet qu&rsquo;il \u00e9tait possible d&rsquo;y voir des multitudes de fleurs de lys. J&rsquo;y suis pass\u00e9 quasi deux heures et je me suis rendu compte que, la force de l&rsquo;habitude jouant contre moi, je ne les voyais malheureusement plus.\u00a0 Les photos suivantes montrent celles que j&rsquo;ai trouv\u00e9 \u00e0 Qu\u00e9bec. Il ne s&rsquo;agit pas, bien s\u00fbr, d&rsquo;un relev\u00e9 syst\u00e9matique de la chose.<\/p>\n<p>Ceci dit, j&rsquo;ai quand m\u00eame l&rsquo;impression que la fleur de lys est beaucoup plus utilis\u00e9e dans la capitale Louisianaise. Voir le <a href=\"https:\/\/blog.chouynard.ca\/?page_id=630\" target=\"_blank\">carnet fleurs de lys de NOLA<\/a>.<\/p>\n<p>Commen\u00e7ons par les d\u00e9corations commerciales. Elles constituent plus de la moiti\u00e9 des \u00e9l\u00e9ments relev\u00e9s :<\/p>\nngg_shortcode_0_placeholder\n<p>&nbsp;<\/p>\n<p>Passons ensuite aux fleurs de lys relevant plut\u00f4t de la d\u00e9coration priv\u00e9e :<\/p>\nngg_shortcode_1_placeholder\n<p>&nbsp;<\/p>\n<p>Les suivantes font partie des \u00e9quipements urbains :<\/p>\nngg_shortcode_2_placeholder\n<p>&nbsp;<\/p>\n<p>Il y en a m\u00eame, bien stylis\u00e9es, pour lesquelles d&rsquo;aucun pourrait \u00e9mettre un doute&#8230;<\/p>\n<p>sur si c&rsquo;en sont \ud83d\ude09<\/p>\nngg_shortcode_3_placeholder\n<p>&nbsp;<\/p>\n<p>Enfin, la derni\u00e8re est plut\u00f4t un cas particulier<\/p>\n<p>&#8230;qui risque fort de partir avec le premier client amateur de fleur de lys&#8230;<\/p>\n<p>&nbsp;<\/p>\n<div id=\"attachment_753\" style=\"width: 2218px\" class=\"wp-caption alignleft\"><a href=\"https:\/\/blog.chouynard.ca\/wp-content\/uploads\/2012\/06\/IMG_0344.jpg\"><img loading=\"lazy\" decoding=\"async\" aria-describedby=\"caption-attachment-753\" class=\"size-full wp-image-753\" title=\"IMG_0344\" src=\"https:\/\/blog.chouynard.ca\/wp-content\/uploads\/2012\/06\/IMG_0344.jpg\" alt=\"\" width=\"2208\" height=\"3091\" srcset=\"https:\/\/blog.chouynard.ca\/wp-content\/uploads\/2012\/06\/IMG_0344.jpg 2208w, https:\/\/blog.chouynard.ca\/wp-content\/uploads\/2012\/06\/IMG_0344-214x300.jpg 214w, https:\/\/blog.chouynard.ca\/wp-content\/uploads\/2012\/06\/IMG_0344-731x1024.jpg 731w\" sizes=\"auto, (max-width: 2208px) 100vw, 2208px\" \/><\/a><p id=\"caption-attachment-753\" class=\"wp-caption-text\">Plaque d\u00e9corative pour voiture dans la vitrine d&rsquo;une boutique du Vieux!<\/p><\/div>\n<p>&nbsp;<\/p>\n<p>&nbsp;<\/p>\n<p>&nbsp;<\/p>\n<p>&nbsp;<\/p>\n","protected":false},"excerpt":{"rendered":"<p>Ce premier et relativement modeste carnet de voyage sur Qu\u00e9bec, ma ville de r\u00e9sidence depuis quarante ans, portera sur les fleurs de lys de la Vieille Ville. Qu\u00e9bec est un endroit que j&rsquo;appr\u00e9cie particuli\u00e8rement pour toutes sortes de bonnes raisons &hellip; <a href=\"https:\/\/blog.chouynard.ca\/?page_id=739\">Continuer la lecture <span class=\"meta-nav\">&rarr;<\/span><\/a><\/p>\n","protected":false},"author":4,"featured_media":0,"parent":125,"menu_order":0,"comment_status":"open","ping_status":"open","template":"","meta":{"ngg_post_thumbnail":0,"footnotes":""},"class_list":["post-739","page","type-page","status-publish","hentry"],"_links":{"self":[{"href":"https:\/\/blog.chouynard.ca\/index.php?rest_route=\/wp\/v2\/pages\/739","targetHints":{"allow":["GET"]}}],"collection":[{"href":"https:\/\/blog.chouynard.ca\/index.php?rest_route=\/wp\/v2\/pages"}],"about":[{"href":"https:\/\/blog.chouynard.ca\/index.php?rest_route=\/wp\/v2\/types\/page"}],"author":[{"embeddable":true,"href":"https:\/\/blog.chouynard.ca\/index.php?rest_route=\/wp\/v2\/users\/4"}],"replies":[{"embeddable":true,"href":"https:\/\/blog.chouynard.ca\/index.php?rest_route=%2Fwp%2Fv2%2Fcomments&post=739"}],"version-history":[{"count":25,"href":"https:\/\/blog.chouynard.ca\/index.php?rest_route=\/wp\/v2\/pages\/739\/revisions"}],"predecessor-version":[{"id":778,"href":"https:\/\/blog.chouynard.ca\/index.php?rest_route=\/wp\/v2\/pages\/739\/revisions\/778"}],"up":[{"embeddable":true,"href":"https:\/\/blog.chouynard.ca\/index.php?rest_route=\/wp\/v2\/pages\/125"}],"wp:attachment":[{"href":"https:\/\/blog.chouynard.ca\/index.php?rest_route=%2Fwp%2Fv2%2Fmedia&parent=739"}],"curies":[{"name":"wp","href":"https:\/\/api.w.org\/{rel}","templated":true}]}}

Québec 1 &#8211; Fleur de lys &#8211; mai 2012

<p>Ce premier et relativement modeste carnet de voyage sur Québec, ma ville de résidence depuis quarante ans, portera sur les fleurs de lys de la Vieille Ville.</p>
<div id="attachment_743" style="width: 2271px" class="wp-caption alignleft"><a href="https://blog.chouynard.ca/wp-content/uploads/2012/06/IMG_0327.jpg"><img loading="lazy" decoding="async" aria-describedby="caption-attachment-743" class="size-full wp-image-743" title="IMG_0327" src="https://blog.chouynard.ca/wp-content/uploads/2012/06/IMG_0327.jpg" alt="" width="2261" height="1330" srcset="https://blog.chouynard.ca/wp-content/uploads/2012/06/IMG_0327.jpg 2261w, https://blog.chouynard.ca/wp-content/uploads/2012/06/IMG_0327-300x176.jpg 300w, https://blog.chouynard.ca/wp-content/uploads/2012/06/IMG_0327-1024x602.jpg 1024w" sizes="auto, (max-width: 2261px) 100vw, 2261px" /></a><p id="caption-attachment-743" class="wp-caption-text">Le drapeau flotte en plusieurs endroits du Vieux-Québec</p></div>
<p>Québec est un endroit que j&rsquo;apprécie particulièrement pour toutes sortes de bonnes raisons dont celle de laisser redécouvrir ses charmes encore et encore. Cette fois, il aura fallu que je séjourne à la Nouvelle-Orléans pour en venir à m&rsquo;interroger sur la quantité de fleurs de lys qui se retrouve dans la décoration extérieure du Vieux Québec. Le site Wikipédia annonçait en effet qu&rsquo;il était possible d&rsquo;y voir des multitudes de fleurs de lys. J&rsquo;y suis passé quasi deux heures et je me suis rendu compte que, la force de l&rsquo;habitude jouant contre moi, je ne les voyais malheureusement plus.  Les photos suivantes montrent celles que j&rsquo;ai trouvé à Québec. Il ne s&rsquo;agit pas, bien sûr, d&rsquo;un relevé systématique de la chose.</p>
<p>Ceci dit, j&rsquo;ai quand même l&rsquo;impression que la fleur de lys est beaucoup plus utilisée dans la capitale Louisianaise. Voir le <a href="https://blog.chouynard.ca/?page_id=630" target="_blank">carnet fleurs de lys de NOLA</a>.</p>
<p>Commençons par les décorations commerciales. Elles constituent plus de la moitié des éléments relevés :</p>
ngg_shortcode_0_placeholder
<p>&nbsp;</p>
<p>Passons ensuite aux fleurs de lys relevant plutôt de la décoration privée :</p>
ngg_shortcode_1_placeholder
<p>&nbsp;</p>
<p>Les suivantes font partie des équipements urbains :</p>
ngg_shortcode_2_placeholder
<p>&nbsp;</p>
<p>Il y en a même, bien stylisées, pour lesquelles d&rsquo;aucun pourrait émettre un doute&#8230;</p>
<p>sur si c&rsquo;en sont 😉</p>
ngg_shortcode_3_placeholder
<p>&nbsp;</p>
<p>Enfin, la dernière est plutôt un cas particulier</p>
<p>&#8230;qui risque fort de partir avec le premier client amateur de fleur de lys&#8230;</p>
<p>&nbsp;</p>
<div id="attachment_753" style="width: 2218px" class="wp-caption alignleft"><a href="https://blog.chouynard.ca/wp-content/uploads/2012/06/IMG_0344.jpg"><img loading="lazy" decoding="async" aria-describedby="caption-attachment-753" class="size-full wp-image-753" title="IMG_0344" src="https://blog.chouynard.ca/wp-content/uploads/2012/06/IMG_0344.jpg" alt="" width="2208" height="3091" srcset="https://blog.chouynard.ca/wp-content/uploads/2012/06/IMG_0344.jpg 2208w, https://blog.chouynard.ca/wp-content/uploads/2012/06/IMG_0344-214x300.jpg 214w, https://blog.chouynard.ca/wp-content/uploads/2012/06/IMG_0344-731x1024.jpg 731w" sizes="auto, (max-width: 2208px) 100vw, 2208px" /></a><p id="caption-attachment-753" class="wp-caption-text">Plaque décorative pour voiture dans la vitrine d&rsquo;une boutique du Vieux!</p></div>
<p>&nbsp;</p>
<p>&nbsp;</p>
<p>&nbsp;</p>
<p>&nbsp;</p>

<p>Ce premier et relativement modeste carnet de voyage sur Québec, ma ville de résidence depuis quarante ans, portera sur les fleurs de lys de la Vieille Ville. Québec est un endroit que j&rsquo;apprécie particulièrement pour toutes sortes de bonnes raisons &hellip; <a href="https://blog.chouynard.ca/?page_id=739">Continuer la lecture <span class="meta-nav">&rarr;</span></a></p>
